s(x) = -x - 12. Determine s(-7).
-5
Let m(i) = i**2 + 19*i - 86. Determine m(-23).
6
Let q(o) = o**3 - 23*o**2 - 24*o + 18. Give q(24).
18
Let c(q) = 18*q + 28. Calculate c(-6).
-80
Let c(u) = -11*u + 8. Determine c(2).
-14
Let x(q) = -q**2 - 3*q + 2. Determine x(3).
-16
Let x(c) = 3*c + 17. Determine x(-16).
-31
Let l(y) = -2*y + 5. Give l(2).
1
Let b(q) = q**3 - 23*q**2 + 60*q + 6. Determine b(20).
6
Let i(b) = -b**2 - 8*b + 9. Calculate i(-12).
-39
Let m(j) = j + 4. What is m(8)?
12
Let n(m) = -6*m - 12. Determine n(-3).
6
Let t(x) = -x**2 + 9*x - 1. What is t(7)?
13
Let x(c) = -38*c + 282. Calculate x(7).
16
Let f(a) = a**3 + 2*a**2 - 15*a + 3. Determine f(-5).
3
Let m(g) = g**2 + g - 9. Determine m(-7).
33
Let k(f) = -5*f + 39. Calculate k(12).
-21
Let k(b) = -b**2 - 11*b - 30. Determine k(-9).
-12
Let j(w) = -8*w**2 - 118*w + 24. Determine j(-15).
-6
Let t(j) = 8*j + 50. Determine t(-7).
-6
Let c(u) = u**3 + 37*u**2 + 71*u + 30. Calculate c(-35).
-5
Let l(a) = 4*a + 3. What is l(-12)?
-45
Let j(z) = -z**3 - 8*z**2 - 4*z + 34. Give j(-6).
-14
Let z(w) = w**2 - 11*w + 5. Give z(8).
-19
Let o(u) = 2*u - 1. Give o(-3).
-7
Let r(l) = 4*l - 42. Determine r(12).
6
Let b(n) = n**3 - 8*n**2 + 2*n + 7. Calculate b(8).
23
Let l(i) = -3*i**3 + 6*i**2 - 3*i + 2. Give l(4).
-106
Let b(l) = -l**3 + 12*l**2 + 2*l - 29. Calculate b(12).
-5
Let h(c) = 7*c - 2. Determine h(1).
5
Let s(r) = -4*r**3 + 2*r + 2. Determine s(2).
-26
Let y(l) = 8*l - 11. Give y(-7).
-67
Let i(l) = l**3 - 6*l**2 - 3*l + 1. Calculate i(7).
29
Let w(h) = -h**2 - 13*h - 6. Give w(-13).
-6
Let s(u) = -u**2 + 18*u - 31. What is s(18)?
-31
Let s(k) = -k**3 - 8*k**2 + 29*k - 33. Determine s(-11).
11
Let x(u) = u**3 - 3*u**2 - 15*u + 6. Calculate x(6).
24
Let z(g) = -g**3 - 7*g**2 - 8*g. Calculate z(-6).
12
Let n(f) = f**3 - 3*f**2 - 2*f - 1. Calculate n(4).
7
Let l(p) = -p**3 + 5*p**2 + 5*p + 3. Calculate l(6).
-3
Let f(c) = -21*c - 1. What is f(2)?
-43
Let p(q) = 100*q + 1. Give p(1).
101
Let x(q) = 22*q + 1. Calculate x(1).
23
Let v(k) = -5*k + 20. Give v(3).
5
Let u(t) = 4*t**3 - 2*t - 2. Determine u(-1).
-4
Let n(m) = 11*m - 12. Calculate n(0).
-12
Let t(i) = -4*i - 18. Determine t(-6).
6
Let q(w) = w**3 + 15*w**2 - w - 21. What is q(-15)?
-6
Let x(z) = 2*z - 13. Determine x(10).
7
Let s(j) = -12*j - 318. Calculate s(-26).
-6
Let g(q) = 12*q + 8. Calculate g(-3).
-28
Let t(q) = -2*q - 29. Determine t(7).
-43
Let u(h) = -h**2 + 11*h - 12. Give u(11).
-12
Let n(u) = -u**3 - u**2 + u + 4. Calculate n(0).
4
Let y(a) = 2*a**3 - 6*a**2 - 2*a. Give y(3).
-6
Let t(l) = -2*l**2 - 8*l - 19. Give t(-8).
-83
Let u(q) = -q - 3. Calculate u(-5).
2
Let h(m) = -17*m - 3. Give h(-3).
48
Let i(y) = 2*y**3 - 25*y**2 - 12*y - 21. Determine i(13).
-8
Let a(z) = 4*z - 48. Determine a(20).
32
Let c(z) = z**3 - 8*z**2 - 18*z - 21. Calculate c(10).
-1
Let k(d) = d**2 - 8. Give k(-4).
8
Let q(h) = 2*h**2 + 58*h + 57. Determine q(-28).
1
Let b(g) = -g**3 + 5*g**2 + 4*g - 11. Give b(6).
-23
Let f(t) = -3*t - 77. What is f(-25)?
-2
Let s(x) = -76*x - 227. Give s(-3).
1
Let n(b) = -26*b + 369. Determine n(14).
5
Let q(t) = -t - 7. Give q(-8).
1
Let g(p) = -p**3 - 12*p**2 + 11*p + 14. Calculate g(-13).
40
Let b(x) = -x**3 + 12*x**2 + 2*x + 141. Calculate b(13).
-2
Let q(b) = -b**2 + 12*b - 12. Give q(1).
-1
Let w(h) = -h**3 - 11*h**2 - 4*h - 8. Determine w(-11).
36
Let s(l) = -14*l**2. Calculate s(-2).
-56
Let c(t) = -t**3 - 4*t**2 - t + 2. Determine c(-3).
-4
Let o(v) = v**3 - 8*v**2 + 3*v - 17. Calculate o(8).
7
Let u(b) = -3*b**2 - 45*b - 8. Determine u(-15).
-8
Let i(f) = f**3 + 6*f**2 - 4*f + 9. Calculate i(-7).
-12
Let v(i) = 2*i**2 + 15*i - 8. What is v(-12)?
100
Let i(z) = 6*z - 4. What is i(1)?
2
Let r(j) = -18*j + 16. Determine r(-6).
124
Let n(u) = -8*u**3 - 4*u - 5. Determine n(-1).
7
Let d(x) = -x**2 - 3*x + 7. Calculate d(0).
7
Let c(o) = -o + 15. What is c(22)?
-7
Let g(n) = -5*n**2 + 3*n - 1. Calculate g(2).
-15
Let f(x) = x**3 + 6*x**2 + 8*x + 14. What is f(-5)?
-1
Let x(h) = h**3 - 10*h**2 + 4*h + 13. What is x(7)?
-106
Let c(z) = z**3 + z**2 - 6*z - 1. What is c(-4)?
-25
Let l(p) = p**3 - 9*p**2 - 5*p + 3. Calculate l(9).
-42
Let o(m) = -5*m**2 - 2*m + 1. Calculate o(-2).
-15
Let c(u) = -3*u**2 + 2*u - 12. What is c(2)?
-20
Let m(i) = 10*i - 4. Calculate m(-6).
-64
Let x(m) = 22*m + 17. What is x(4)?
105
Let v(o) = -o**2 - 7*o + 40. Give v(-17).
-130
Let f(w) = -18*w - 454. What is f(-26)?
14
Let u(l) = -l**3 + 8*l**2 - 7*l + 5. Give u(6).
35
Let w(s) = -s**2 + 21*s - 19. What is w(19)?
19
Let r(p) = -17*p + 420. What is r(25)?
-5
Let k(c) = c**2 - 4*c - 19. What is k(6)?
-7
Let z(w) = w**3 - 11*w**2 + 9*w + 5. Calculate z(9).
-76
Let j(i) = 51*i + 1323. Calculate j(-26).
-3
Let z(f) = 3*f + 2. Determine z(-8).
-22
Let s(o) = -16*o - 137. Calculate s(-6).
-41
Let h(w) = 29*w**2 - 9*w - 24. Determine h(-2).
110
Let u(s) = -4*s - 47. What is u(-8)?
-15
Let h(x) = x**2 - 3*x + 17. Give h(5).
27
Let m(h) = 4*h - 23. What is m(10)?
17
Let t(f) = -2*f**3 + 11*f**2 + 9*f - 11. Give t(6).
7
Let v(x) = 7*x**2 + 3*x. Determine v(-2).
22
Let q(z) = -z**2 - 5*z - 1. Calculate q(-7).
-15
Let b(k) = -k**2 + 10*k + 3. Give b(10).
3
Let d(f) = -5*f**2 - 2*f + 4. Give d(2).
-20
Let c(o) = -o**2 + 3*o - 4. Calculate c(6).
-22
Let f(a) = a**3 - a**2 - 3*a + 5. Give f(3).
14
Let t(n) = 2*n**3 + 4*n**2 + 4*n + 12. Give t(-2).
4
Let p(x) = -x**3 - 3*x**2 + 2*x + 2. Determine p(1).
0
Let k(o) = o**3 + 17*o**2 - 18*o - 7. Calculate k(-18).
-7
Let b(x) = 2*x**2 + 20*x - 16. Give b(-11).
6
Let k(x) = -44*x + 2. What is k(2)?
-86
Let j(n) = 10*n**2 - 67*n - 20. Give j(7).
1
Let a(m) = m - 9. What is a(4)?
-5
Let n(u) = 7*u + 2. Give n(-2).
-12
Let c(x) = -x**3 - x - 3. Give c(0).
-3
Let o(h) = -6*h**3 - 5*h**2 - 4*h. Give o(-2).
36
Let f(k) = -k**2 + 12*k + 25. Give f(14).
-3
Let x(h) = -h**2 + 4*h + 356. Give x(21).
-1
Let n(c) = c - 59. Give n(26).
-33
Let o(y) = y**3 - 6*y**2 - 2*y + 2. Give o(5).
-33
Let f(d) = -3*d + 33. Calculate f(0).
33
Let x(s) = s**3 + 13*s**2 + 11*s - 38. What is x(-12)?
-26
Let b(x) = -x**3 + 11*x**2 - 11*x + 2. Give b(11).
-119
Let u(w) = 2*w**2 + 19*w - 11. Determine u(-10).
-1
Let u(x) = 3*x**2 - 253*x - 181. Determine u(85).
-11
Let z(u) = -u**3 - 5*u**2 - 2*u - 5. Calculate z(-4).
-13
Let p(a) = -3*a**2 + 115*a - 30. Give p(38).
8
Let u(a) = 14*a. What is u(-2)?
-28
Let u(i) = -7*i - 41. Give u(-6).
1
Let q(x) = -x**2 - x + 20. What is q(9)?
-70
Let q(s) = -s**3 - 11*s**2 - 29*s - 15. Determine q(-8).
25
Let c(h) = -14*h**3 - h**2 - h + 4. What is c(-2)?
114
Let t(i) = 3*i**2 + i - 6. Give t(3).
24
Let c(o) = -o**2 + 11*o + 55. Determine c(13).
29
Let i(q) = -q**3 + 2*q**2 + q - 1. Determine i(3).
-7
Let j(m) = 3*m**2 + 4*m - 7. Determine j(-3).
8
Let q(o) = -o**2 + 13*o + 5. Give q(13).
5
Let a(h) = -2*h**3 + h**2 + 7*h + 5. Determine a(-2).
11
Let r(c) = -c**2 + 22*c - 8. Give r(24).
-56
Let u(n) = n**2 + 41*n + 355. Give u(-12).
7
Let j(f) = -f**3 - 10*f**2 - f - 6. Calculate j(-10).
4
Let s(l) = -l - 6. Give s(-23).
17
Let r(x) = -28*x - 147. Give r(-5).
-7
Let l(d) = d**3 - 15*d**2 + 15*d - 10. Calculate l(14).
4
Let m(b) = b**2 - 4*b - 18. Calculate m(-3).
3
Let g(s) = -48*s**3 - 2*s**2 - 3*s - 2. Give g(-1).
47
Let b(d) = -d**3 + 6*d**2 + 2. What is b(6)?
2
Let s(l) = l**2 + 9*l + 10. Give s(-6).
-8
Let j(u) = -2*u**3 - 18*u**2 + 2*u + 19. Determine j(-9).
1
Let j(c) = -7*c + 70. Determine j(14).
-28
Let l(j) = -4*j**2 - 57*j - 66. Calculate l(-13).
-1
Let u(f) = -124*f**3 + 4*f**2 + 2*f - 1. Determine u(-1).
125
Let q(z) = -4*z**3 - z**2 - 4*z + 6. Calculate q(-3).
117
Let j(s) = -11*s + 9. What is j(4)?
-35
Let u(d) = 4*d**2 + 2*d + 4. What is u(4)?
76
Let u(q) = q**3 + 13*q**2 - 48*q - 7. Determine u(-16).
-7
Let v(h) = -h**3 + 4*h**2 + 6*h - 7. Calculate v(3).
20
Let b(c) = 4*c**2 + 80*c - 92. Calculate b(-21).
-8
Let w(y) = -6*y - 51. Calculate w(-20).
69
Let t(r) = -r**3 + 7*r**2 - 3*r + 6. Calculate t(6).
24
Let n(p) = -p**3 + 28*p**2 + 30*p - 22. What is n(29)?
7
Let c(s) = -4*s + 8. Calculate c(4).
-8
Let k(x) = x**3 - 3*x**2 - 2*x - 4. Give k(4).
4
Let q(x) = -2*x - 16. Calculate q(-13).
10
Let f(g) = 3*g**3 + g**2 - 4*g + 4. Determine f(1).
4
Let h(x) = x**2 - 28*x